 = -f - 5*a. Let l be -1 + 10/f - (-966)/(-49). What are the prime factors of ((-141)/(-5))/((-4)/l)?
3, 47
Let s(q) = -6*q**3 + 5*q**2 + q. Let d = -8 - -11. Let i be 2 - ((d - -1) + 0). List the prime factors of s(i).
2, 3, 11
Suppose 0 = -50*o + 365047 + 468029 - 168076. What are the prime factors of o?
2, 5, 7, 19
Let j = -1068 - -27658. What are the prime factors of j?
2, 5, 2659
Suppose 821*b = 824*b - 24, 5*j = -5*b + 143920. List the prime factors of j.
2, 3, 11, 109
Suppose 4*q - 20 = 4*c, -2*q + c + 1 + 6 = 0. Let v(m) = 54*m**3 - m**2 - 2*m - 4. List the prime factors of v(q).
2, 3, 5, 7
Let o(n) = -5934*n + 89. List the prime factors of o(-1).
19, 317
Let s = -1655 - -10670. What are the prime factors of s?
3, 5, 601
Let r = 13846 + -2155. List the prime factors of r.
3, 433
Let p(w) = -5*w**2 + 7*w - 4. Let g(b) = b**2 + b + 1. Let u(o) = 4*g(o) + p(o). Let v be u(8). Let i = v + 68. What are the prime factors of i?
2, 23
Suppose -4*r - 117 = 63. Let x(p) = -6*p**3 - 8*p**2 + 6*p + 6. Let q be x(-3). Let c = q + r. List the prime factors of c.
3, 11
Suppose -265*f - 28 = -261*f. What are the prime factors of ((-325)/39 - f)/((-4)/3594)?
2, 599
Let x(h) = 18*h - 103. Let t be x(6). Suppose -r - 5*d + 2*d + 45 = 0, -d = t*r - 225. List the prime factors of r.
3, 5
Let h = 55271 + 26440. List the prime factors of h.
3, 7, 1297
Let m = 93679 + -66326. What are the prime factors of m?
17, 1609
Let b(a) = 54*a + 2. Let v = 16 + -15. Let x be 10/4 + v*(-3)/2. What are the prime factors of b(x)?
2, 7
Suppose 2*u = 2*l - 7 - 7, l + 3*u + 5 = 0. Suppose -71*r + 60*r = 1452. List the prime factors of (r/(-10) + l)/(2/10).
2, 43
Let u = 24 - 11. Suppose -5*f = 4*q - 2492, 0 = 15*f - u*f - 5*q - 977. List the prime factors of f.
2, 31
Let x(w) = -w**2 - 11*w + 9. Let u be x(-8). Let b be (u + -33)*1/((-2)/(-1)). Suppose s = -z + 59, 0 = 2*s - 5*z - b*z - 125. List the prime factors of s.
2, 3, 5
What are the prime factors of ((-1940)/(-15)*4)/((-3)/(-54))?
2, 3, 97
Let q(z) = 43*z + 1. Let i be q(1). Let x = -607 - -604. Let y = x + i. List the prime factors of y.
41
Suppose 29464 = h + 2*y, 3*y = -2*h + 87202 - 28280. List the prime factors of h.
2, 37, 199
Let k = 208 - 208. Suppose k = -3*v + 5*g + 1315 - 235, -3*v - 2*g + 1101 = 0. What are the prime factors of v?
5, 73
Let q(n) = 15 + 11*n + n - 5*n + 4*n. Let s be q(9). Suppose 477 = 3*p + s. What are the prime factors of p?
11
Let q = -23868 + 39989. List the prime factors of q.
7, 47
Let t be (1 - 1*(-4)/2)*1. Suppose -16*q - 4*r - 1428 = -20*q, t*q = -4*r + 1106. List the prime factors of q.
2, 181
Suppose 4*c - 2 + 22 = 0, 5*r + 2*c - 115 = 0. Let p = r + 39. List the prime factors of p.
2
Suppose 0 = 3*z - 6. Let y = -405 - -410. Suppose y*j - 160 = -b + 149, 0 = -z*j - 2*b + 130. List the prime factors of j.
61
Let f(c) be the second derivative of -9*c**5/10 + 7*c**4/12 + 4*c**3/3 - 11*c**2 + 18*c + 2. What are the prime factors of f(-4)?
2, 5, 11
Let o(k) = 327*k**2 + k - 1. Let b = 218 + -219. List the prime factors of o(b).
5, 13
Suppose -5*h - 146*n = -141*n - 132960, -5*h = -3*n - 132936. What are the prime factors of h?
3, 8863
Let l = -1965 - -3045. What are the prime factors of l?
2, 3, 5
Let x be (48/(-10))/((-1)/190*3). Suppose -6*z + 5*u = -9*z + x, z - u = 104. List the prime factors of z.
103
List the prime factors of (104601/(-14) - 20)/((-6)/(-4) + -2).
14983
Let x be (-4)/5*15075/(-18). Let z = x + -386. Suppose 3*p - z - 46 = 0. List the prime factors of p.
2, 5, 11
Suppose 0 = -5*b - 3*f + 168 + 27, 5*f = -b + 39. Let p = 77 - b. Let d = p - 28. What are the prime factors of d?
2, 5
Suppose -4*j - 11762 = -i - 4*i, -5*i + 11759 = -3*j. What are the prime factors of i?
2, 5, 47
Let q be (-3)/(6/(-10)) - (-78 - -4). Let p = 142 - q. What are the prime factors of p?
3, 7
Suppose 12*u - 193383 - 36489 = 0. What are the prime factors of u?
2, 4789
Let z be (-16154)/34 - 4/(-34). Let n = -23 - z. What are the prime factors of n?
2, 113
Let z = -5 + 1. Let n be (5/((-100)/45))/((-1)/z). What are the prime factors of 70 + (n - -1)/4?
2, 17
Let s(l) = 227*l**2 - 30*l - 111. What are the prime factors of s(-5)?
2, 2857
Let b be ((-198)/15)/((-12)/210). Let p = b + -143. Let n = 174 + p. List the prime factors of n.
2, 131
Let c = -900 - -951. List the prime factors of c.
3, 17
Let k(f) = -f**3 + 13*f**2 - 21*f - 11. Let h be k(11). What are the prime factors of (-315)/(-5 + 4) - (-5 + h)?
2, 5
Let l = 49 + -44. Suppose l*y + 146 = -159. List the prime factors of (y/(-3))/((-4)/(-12)).
61
Let t = 13924 + -6299. What are the prime factors of t?
5, 61
Let w = -16631 - -27868. What are the prime factors of w?
17, 661
Suppose 4*i = 5*l - 49 - 11, -5*l + 2*i = -50. Suppose l*c + 0*c + 760 = 0. Let t = 286 + c. List the prime factors of t.
191
Suppose 6*j - 10 - 2 = 0. Suppose -j*m = -8*m + 936. List the prime factors of (7/(-4))/((-3)/m).
7, 13
Let u(w) be the first derivative of w**3/3 - 3*w**2 + 18*w + 43. What are the prime factors of u(19)?
5, 53
Let t be ((-111)/(-7))/(2/14). Let i = 32 + 83. Let m = i - t. List the prime factors of m.
2
Let k be 24237/8 + 81/216. Suppose 29*p - k = 25303. What are the prime factors of p?
977
Let s(f) = 110*f + 42. Let b be s(3). What are the prime factors of 1/(-2) + (b/8)/3?
3, 5
Let q = 236 - 208. Suppose 39*l = q*l + 10846. What are the prime factors of l?
2, 17, 29
Suppose 0 = 18*z - 2*z - 4368. What are the prime factors of (-1)/7 + 283413/z?
2, 3, 173
Let g = 103 - 50. Suppose -51*f - 232 = -g*f. Suppose 3*k - 92 = -c, 5*k - 3*c = 9*k - f. What are the prime factors of k?
2
Let o = 10353 + 33738. What are the prime factors of o?
3, 23, 71
Suppose -37*o + 438*o = 21*o + 1903800. List the prime factors of o.
2, 3, 5, 167
Let h be (5 + (-2)/(-2) - 2) + 43. Let i = h - 44. What are the prime factors of 45/(-27) - (-74)/i?
23
Let a(k) = -6265*k**3 + 8*k**2 + 9*k. List the prime factors of a(-1).
2, 3, 29
Suppose -176*f + 1724872 = -94088. List the prime factors of f.
3, 5, 13, 53
What are the prime factors of (847/(-14))/(1/(-10))?
5, 11
Let r(u) be the second derivative of u**3/6 + 4*u**2 - 20*u. Let g be r(-3). Let z(y) = 9*y - 4. List the prime factors of z(g).
41
Suppose 19*y + 180 = 21*y. Let q = y + 130. What are the prime factors of q?
2, 5, 11
Suppose 25*p + 763 = 32*p. Let w = p + 324. What are the prime factors of w?
433
Suppose -4*b = 4*y - 5324, -4*b + 8167 = -4*y + 2859. Suppose -3*r + 372 = 2*g - 419, 0 = -5*r + 2*g + b. What are the prime factors of r?
5, 53
Suppose -4*y + 26 + 7 = 5*b, 4*b = -4*y + 28. Suppose 0 = y*k - 43 - 389. List the prime factors of k.
2, 3
Let y be 4*(16 - 2)*(-9)/6. Let g be (-83)/(-6) + (-14)/y. Suppose g*b - 241 = 3035. List the prime factors of b.
2, 3, 13
Suppose -280 = -41*c - 34. Let f be 12/7 + (-4)/(-14). Suppose o = 4*w - 188, 0 = -f*w - 3*o + 100 - c. List the prime factors of w.
47
Let r = -1 + 7. Let h(j) = j**3 - 6*j**2 + 2*j - 8. Let t be h(r). Suppose 4*x - 78 - 238 = 2*p, 5*x - 382 = -t*p. What are the prime factors of x?
2, 3, 13
Suppose -1 = 5*f - 17 + 1. Suppose 0 = 4*o - 3*o - 5*u - 177, -4*o = 4*u - 636. Suppose f = -j + o. List the prime factors of j.
3, 53
Suppose 0 = 3*o + 300*u - 299*u - 5601, -5*o - 4*u + 9349 = 0. List the prime factors of o.
5, 373
List the prime factors of 468/(-1482) - 896508/(-38).
2, 3, 983
Suppose -o - 2*u + 32094 = 0, 10*o + 2*u = 4*o + 192534. What are the prime factors of o?
2, 3, 7, 191
Let s = -13392 - -22551. What are the prime factors of s?
3, 43, 71
Let u = 14663 - -4524. List the prime factors of u.
7, 2741
Suppose -2*k = 332*p - 337*p - 9512, -5*k + 23761 = -3*p. List the prime factors of k.
4751
Suppose 5*x + 3*f - 375 = 0, 3*x - 225 = 3*f + 2*f. Let m(y) = -76*y + 7*y**2 - 4*y**2 + x*y. List the prime factors of m(6).
2, 3, 17
Let h = 42 - 36. Suppose 0 = -h*i - 1225 + 139. Let t = -116 - i. What are the prime factors of t?
5, 13
List the prime factors of (-97110)/(-91)*168/18.
2, 3, 5, 83
Let m(s) be the second derivative of s**5/20 - s**4/3 + 4*s**3/3 + 3*s**2 - 88*s. Let v be 3/(-6)*(-72)/6. List the prime factors of m(v).
2, 3, 7
List the prime factors of (-4 - (-26964)/48)*(-2 - -10).
2, 23, 97
Suppose g + 12 = 15. Let o be (-2)